*3 - 2 + 1/2*b**2 + o*b. Determine n(-3).
10
Let o(w) = w + 1. Let t be (70/(-21))/(2/(-3)). Calculate o(t).
6
Let m(c) = -c**2 - 2*c. Let d = -1 + 1. Let k be 3 + (0 - (2 + d)). Suppose 7 = -4*l - k. Calculate m(l).
0
Let m(d) = 2*d. Let f(y) = 2*y - 12. Let n be f(8). Give m(n).
8
Let z be (-4)/2 + 12 + -4. Let o(h) = -3*h**2 + 8 + 2*h + h + 2*h + 2*h**2. Give o(z).
2
Let s(g) be the first derivative of 2*g + 1/2*g**3 + 5/12*g**4 + 1 - 2*g**2 + 1/20*g**5. Let t(z) be the first derivative of s(z). Calculate t(-4).
0
Let c(t) = -t**2 + 1 + 0 + 4*t**2. Give c(1).
4
Let k(w) = -5*w**3 - 1 + 8*w**2 - 5*w**2 + 4*w**3 - w + 2*w**3. Give k(-3).
2
Let g = 11 + -8. Suppose -k - g = -8. Let w(m) = -m**2 + 5*m + 5. Determine w(k).
5
Let l(r) = -r**3 + 2*r**2 + 1. Let p be l(2). Let d = 3 + 0. Let q(w) = 0 + d*w + 1 + 0. Give q(p).
4
Let i(s) = 60*s + 53*s + 3 - 116*s. Determine i(3).
-6
Let o(g) = -g**3 - 10*g**2 + 11*g - 5. Let r(v) = -4*v + 65. Let k be r(19). Calculate o(k).
-5
Let l(i) = -i + 2. Let g(c) = -c**3 - 3*c**2 - 4*c - 4. Let b be g(-2). Calculate l(b).
2
Let j(d) be the second derivative of d**5/20 + 5*d**4/12 + 2*d**3/3 + 6*d. Suppose -18 = -3*h + 2*n, h - 4*h + 4*n = -24. Let a be (-14)/h + 1/2. Give j(a).
6
Let x be (-5)/(-10) + (-14)/(-4). Suppose -x = 3*q + 2*r, 2*q = r + 4*r - 9. Let f(t) = 2 + 0*t - t + 2*t. What is f(q)?
0
Let h(i) be the third derivative of i**7/5040 - i**6/720 + i**5/30 + 5*i**2. Let t(y) be the third derivative of h(y). What is t(-6)?
-7
Let f(j) = 66*j**2 + 5*j + 11. Let d(m) = -13*m**2 - m - 2. Let u(p) = 11*d(p) + 2*f(p). Calculate u(1).
-12
Let l(m) = 10*m - 7 + 3*m + 10*m + 8 - 5*m. Let w be 9/(-15) - 2/5. What is l(w)?
-17
Let r(i) = 9*i**3 - i**2 - i. Let v(a) = -a**2 - 13*a - 13. Let t be v(-12). Determine r(t).
-9
Let n = 11 - 15. Let k(o) = -o**2 - 6*o - 5. Calculate k(n).
3
Suppose -2*i + i = -6. Let d(l) = l + i*l**2 - l**3 + 3*l**3 - l**3 - 5. Calculate d(-6).
-11
Let a(g) = -22 - 83*g + 82*g + 20. Determine a(3).
-5
Let r(p) = p**3 + 5*p**2 + 3*p + 4. Suppose 6*s + 6 = 4*s. Calculate r(s).
13
Let s(c) = 6*c + 5. Let i(z) = z + 1. Let v be i(4). Let y(g) = 7*g + 4. Let u(h) = v*s(h) - 4*y(h). Calculate u(-6).
-3
Let v(a) = 2*a**3 - a**2 + 3*a - 2. Let r(h) = h**3 + 8*h**2 + 5*h - 12. Let l be r(-7). Calculate v(l).
16
Let i = 0 + 3. Let r(d) = 3*d**2 + 5*d + d + d**i - 10*d. What is r(-4)?
0
Let h(j) be the third derivative of j**6/120 + j**5/30 - j**4/6 + 2*j**3/3 + 7*j**2. Let z = -14 + 10. Calculate h(z).
-12
Let t(i) = i - 6. Let y(n) be the third derivative of -n**3/6 + 2*n**2. Let w(j) = t(j) - y(j). Give w(4).
-1
Let p(z) be the second derivative of 0 + 0*z**3 - z**2 - 1/20*z**5 + 3*z - 1/4*z**4. Suppose 2*g = -6 - 0. What is p(g)?
-2
Let r(k) be the second derivative of 0 + k - 1/6*k**3 + 1/2*k**2. What is r(4)?
-3
Suppose -28 = -39*p + 43*p. Let k(b) = 2*b + 8. Calculate k(p).
-6
Suppose 4*f = 2*f + 28. Let j(p) = 0*p**3 - 2*p**3 - 2 + f*p + 0 - 16*p + 3*p**2. Determine j(2).
-10
Let r be (12/(-9))/((-2)/3). Let a(s) = 2 + 4*s**2 - s**3 - s + 0*s**2 + s - s. Determine a(r).
8
Let q(s) be the first derivative of s**3/3 + s**2/2 + 2*s + 5. What is q(2)?
8
Let i(d) = -d - 1. Let u(z) = -2*z - 5. Let a(s) = 5*i(s) - u(s). Give a(5).
-15
Let t be ((-13)/39)/(2/(-12)). Let y(n) be the third derivative of -t*n**2 + 0*n - 1/2*n**3 + 1/120*n**6 - 1/20*n**5 + 1/8*n**4 + 0. Determine y(2).
-1
Let f(j) = -4*j**3 - 11*j**2 - 2*j + 4. Let b(k) = -k**3 - k**2 - 1. Let l(y) = -5*b(y) + f(y). Determine l(6).
-3
Let i(g) = -g**3 + g**2 - g. Let p(q) = -3*q**3 + 4*q**2 - 4*q. Let h(k) = -4*i(k) + p(k). Let z be (2/4)/((-3)/6). What is h(z)?
-1
Let l(y) = -8*y + 1 + y**2 + 2 + 15*y. What is l(-3)?
-9
Let c(p) = -p - 1. Suppose 15 = -3*o, 4*k + 11 = -3*o - 4. Calculate c(k).
-1
Let l(d) be the second derivative of -d**4/12 + d**3/6 + 3*d**2 + 10*d. Suppose 0*n = -3*n. Give l(n).
6
Let r(p) be the first derivative of 2 + 1/4*p**4 + 4*p + 3/2*p**2 + p**3. Let f(q) = -q**3 - 3*q**2 - 3*q - 5. Let a(n) = -4*f(n) - 5*r(n). Calculate a(-3).
9
Let j(w) be the second derivative of 0 - 1/20*w**5 - 5/2*w**2 + 1/2*w**4 - 1/3*w**3 + 2*w. What is j(5)?
10
Let s(l) = -l - 1. Suppose -5*k - 3 = -4*k. Give s(k).
2
Suppose 6 + 0 = 3*n. Let w(d) = d**2 + n*d - 2 - 5 + 2. Give w(-4).
3
Let o be 90/21 + 8/(-28). Let c(v) be the second derivative of v**4/12 - 2*v**3/3 + v**2/2 + v. What is c(o)?
1
Let f(x) = 3*x**2 + 35*x**3 + 0 + x - 1 - 7*x**2 - 36*x**3. Calculate f(-2).
-11
Suppose 8*h - 6 = 5*h. Let z(l) be the second derivative of -1/2*l**3 - 1/2*l**h - l + 0 + 1/12*l**4. What is z(-2)?
9
Let o(w) = w**2 + w - 9. Let b be o(3). Let u(f) = f**3 - 3*f**2 - f + 3. What is u(b)?
0
Let r(y) = -y - 4. Let c be r(-9). Let h(q) = -q**2 + 2*q + 2*q - c*q - q - 3. Calculate h(-3).
-6
Let a(s) = 2*s**2 - 3*s + 1. Let m(z) = -z**2 - 13*z - 10. Let u be m(-12). What is a(u)?
3
Let h(f) = -f**2 + 7*f - 9. Let i = -4 - -16. Let g = 18 - i. What is h(g)?
-3
Suppose 22*q - 27*q = 35. Let i(p) = 2*p + 8. Determine i(q).
-6
Let y = 0 - -1. Suppose d = -y - 1. Let w(q) = 2*q**2 + q - 2. What is w(d)?
4
Let n(u) = u**2 + u - 2. Let v = 72 - 69. Determine n(v).
10
Let w(i) = -i + 1. Suppose 6*q = -4*b + 2*q - 20, -4*b + 5 = -q. What is w(b)?
1
Let m(c) be the third derivative of 2*c**2 + 0*c - 1/8*c**4 + 0 + 1/3*c**3. Determine m(-3).
11
Let j = 23 - 28. Let i(x) = x**2 + 8*x + 6. Determine i(j).
-9
Let d(u) be the first derivative of -u**4/4 - u**3/3 + u**2/2 - 1. Let g be d(-2). Let w(k) be the first derivative of k**2 - 2*k - 5. Calculate w(g).
2
Let d(p) = -p**3 - p + 12. Let o(q) = q**2 + 12*q - 13. Let m be o(-13). What is d(m)?
12
Suppose -21 + 0 = 2*y - 5*c, -3*y - 19 = -5*c. Let o(r) = 2*r + 2. Determine o(y).
6
Let y(l) be the first derivative of 4 + 1/3*l**3 + 3/2*l**2 - l. Determine y(-2).
-3
Suppose -31 = -4*z - 5*n - 1, 4*z = 4*n + 12. Suppose b + 11 = -4*r, 5*b = -z*r - 0*b - 25. Let y(a) = a**3 + a**2 + a - 1. Give y(r).
-7
Let y be 30/((-9)/(-3)) + 1. Suppose -3*i = w - y, -5*w + 2*w = 2*i - 19. Let d(f) = -f. Let t(j) = 3*j + 1. Let k(l) = 2*d(l) + t(l). Determine k(i).
3
Let w(r) = -r**3 - 5*r**2 + 7*r + 8. Let p be 6/(-5)*-1*-5. What is w(p)?
2
Let j(f) = -6*f + 1. Suppose -11*a = -6*a + 30. Let t = a - -7. Calculate j(t).
-5
Let d(v) = -4*v + 17. Let b be d(6). Let i(y) = -y**2 - 8*y - 10. What is i(b)?
-3
Let v(b) = -b**3 - 5*b**2 - 4*b + 5. Let d = 22 - 16. Suppose 0 = -w + 3*w - d. Let g be 1 - w*10/6. Give v(g).
5
Let x(k) = -2*k. Let i be x(1). Let c be (-1)/i*4 + 0. Let a(l) be the third derivative of -5*l**4/24 - 3*l**2. Give a(c).
-10
Let n(c) = 3*c**3 - 4*c - 3. Suppose -9 = -3*m, o + 2*m = -3*o - 2. Determine n(o).
-19
Suppose 5*c + 5*j - 3 = 2, 4*j + 11 = c. Suppose 0 = -5*p + 3*d + 31, -p + d + 4 = -c. Suppose -p*b = -0*b + 20. Let y(v) = -v**2 - 5*v + 4. Calculate y(b).
8
Let n(m) = m**3 - 4*m**2 - 6*m - 1. Let o = 29 - 24. Give n(o).
-6
Suppose 2 = -y + 6. Suppose 0 = -y*t + 2 - 26. Let w(n) = 2*n + 7. What is w(t)?
-5
Let v(h) be the third derivative of -h**4/8 - h**3/6 + 54*h**2. Give v(-4).
11
Let j(r) = -5*r + 1. Let l(f) = 6*f - 1. Let y(b) = -4*j(b) - 3*l(b). Let x(i) = -i**3 + 7*i**2 - 4*i - 8. Let h be x(6). Let z = h + -3. Calculate y(z).
1
Let u(j) = -j - 6. Let l(x) = x + 5. Let k(o) = 3*l(o) + 2*u(o). Determine k(-7).
-4
Let s(x) = -x**3 - 9*x**2 + x + 10. Let q(m) = -2*m**3 - 9*m**2 + 2*m + 9. Let b(f) = 2*q(f) - 3*s(f). Give b(9).
-3
Let u(j) be the second derivative of -j**5/20 - j**3/6 - j**2/2 - 4*j. Let i(z) = -z**3 - 3*z**2 - 8*z + 4. Let x(m) = i(m) - 2*u(m). Give x(4).
-2
Let y(h) = 3*h**2 - h + 2. Let o be y(1). Let m(w) = -5*w**2 + 6*w + 6. Let q(d) = d**2 - d - 1. Let t(i) = m(i) + 4*q(i). Give t(o).
-6
Let d(a) = a**2 + 3*a + 1. Let s be d(-2). Let f = s + -5. Let j(i) = -i - 3. Give j(f).
3
Let k(h) = h**2 - 17*h + 17. Let y be k(16). Let u(b) = 6*b**3 - b**2 - b + 1. Calculate u(y).
5
Let m(s) be the first derivative of -s**3/3 - 2*s**2 - 2*s - 97. Let r be (-24)/10 - (-4)/10. Determine m(r).
2
Let p(v) = v**3 + 4*v**2 + 3*v + 4. Suppose 3*j - s = -89, 0 = 2*j - 2*s + 3*s + 51. Let d = j - -18. Let g = d + 7. Determine p(g).
4
Let b be 15/(-6)*-6*1. Let g = b + -11. Let s(c) = -c**